7064069 composite?
True
Is 14951370149 prime?
False
Is 4881716482 a composite number?
True
Is 709564711 prime?
True
Is 678952733 prime?
True
Is 927865339 a composite number?
False
Is 31676424341 composite?
False
Is 24757866901 a composite number?
False
Is 53610182359 a prime number?
False
Is 80538280591 a prime number?
False
Is 2123147049 a composite number?
True
Is 2021186359 a prime number?
True
Is 279757589 composite?
True
Is 74833443413 prime?
False
Is 561151319 a prime number?
False
Is 3301405009 a prime number?
False
Is 421857271 prime?
False
Is 10580755673 composite?
True
Is 19927901291 prime?
False
Is 134886555003 a prime number?
False
Is 2588608591 a prime number?
False
Is 1301794547 prime?
False
Is 78222827033 a prime number?
False
Is 2747418169 a prime number?
False
Is 25040700457 a composite number?
True
Is 360698227 composite?
True
Is 822617 composite?
True
Is 1758582541 composite?
True
Is 964999669 a prime number?
True
Is 18619952179 composite?
False
Is 897025601 composite?
True
Is 12103239601 a composite number?
False
Is 117432353 composite?
False
Is 104791867 a prime number?
True
Is 29938552639 a composite number?
False
Is 625059907 a composite number?
True
Is 22802419391 a prime number?
True
Is 3666462719 a prime number?
False
Is 3162101959 composite?
True
Is 6811155577 a composite number?
True
Is 173024465 a prime number?
False
Is 34506436529 a composite number?
False
Is 16980682111 composite?
True
Is 1780517813 composite?
True
Is 1315060427 a composite number?
False
Is 1245988123 composite?
True
Is 1554831197 a prime number?
True
Is 2150937163 composite?
True
Is 4383331639 composite?
False
Is 11627937773 a composite number?
False
Is 4405718893 prime?
False
Is 1486590593 a composite number?
False
Is 1087822913 composite?
False
Is 6379610149 prime?
False
Is 155155027 a composite number?
False
Is 13621407637 prime?
True
Is 77040101 composite?
False
Is 9174247 prime?
False
Is 31103562769 composite?
False
Is 591625383 prime?
False
Is 2773002055 composite?
True
Is 1102685011 a prime number?
True
Is 604147429 composite?
False
Is 3824848543 prime?
True
Is 5245771307 a prime number?
False
Is 14575370213 a prime number?
False
Is 2896379911 a composite number?
False
Is 7945175507 a composite number?
False
Is 4088100533 a prime number?
False
Is 33409873 composite?
True
Is 767860363 prime?
True
Is 3543462709 prime?
True
Is 11860980617 a composite number?
False
Is 2178747721 composite?
False
Is 1113857215 composite?
True
Is 11568809 composite?
True
Is 4198451107 composite?
False
Is 6200268923 a composite number?
False
Is 284072599 a composite number?
False
Is 42437318317 composite?
False
Is 4936708613 composite?
True
Is 4911247127 prime?
False
Is 6019788161 prime?
True
Is 30196636747 prime?
False
Is 504910741 a prime number?
True
Is 35899308953 composite?
False
Is 2039011279 a composite number?
False
Is 3294286763 composite?
False
Is 3764174551 a prime number?
False
Is 62120470469 composite?
False
Is 4570349929 a composite number?
False
Is 3304828243 a prime number?
True
Is 814313417 prime?
False
Is 213913893 a composite number?
True
Is 5675999099 a prime number?
False
Is 496039537 a prime number?
False
Is 2076643663 prime?
False
Is 5633066207 a composite number?
False
Is 4193997929 composite?
True
Is 103910831707 a prime number?
True
Is 1301377719 prime?
False
Is 5623841753 a composite number?
False
Is 429350183 a prime number?
False
Is 704165974 a composite number?
True
Is 45134408453 a composite number?
False
Is 2031239593 composite?
True
Is 5283997247 composite?
True
Is 7719359989 a composite number?
True
Is 58190617 composite?
True
Is 591232427 composite?
False
Is 3823659417 a composite number?
True
Is 925158307 a composite number?
True
Is 851865034 prime?
False
Is 2150039699 a prime number?
True
Is 7421617453 a prime number?
True
Is 34157239771 prime?
True
Is 10300495841 composite?
True
Is 119863468211 a prime number?
False
Is 328704917 a composite number?
False
Is 66910570499 prime?
True
Is 3426978899 prime?
False
Is 45970879429 a prime number?
False
Is 884343419 prime?
True
Is 2085790363 a composite number?
False
Is 2334712769 a composite number?
True
Is 16202730521 a composite number?
False
Is 25314381557 a prime number?
False
Is 47316655099 a composite number?
True
Is 3933364745 composite?
True
Is 13820961809 a composite number?
True
Is 9300598859 a composite number?
True
Is 472104817 composite?
False
Is 35653602137 composite?
False
Is 76765583 prime?
True
Is 16981936427 prime?
True
Is 58924227613 composite?
False
Is 152443721 composite?
False
Is 75235837 prime?
False
Is 29790895 composite?
True
Is 4624747873 a prime number?
False
Is 4971632753 a prime number?
True
Is 1250039513 a prime number?
True
Is 369198493 composite?
False
Is 6240372379 prime?
False
Is 67417016197 a composite number?
False
Is 1684269071 a prime number?
True
Is 2686262057 composite?
False
Is 1766151967 a composite number?
True
Is 91021295383 a composite number?
True
Is 324155467 composite?
True
Is 3798685933 a composite number?
True
Is 34649797901 a composite number?
False
Is 3277279 prime?
True
Is 54823830259 prime?
False
Is 134054449 composite?
True
Is 16848564871 composite?
False
Is 218052529 prime?
False
Is 724312271 a composite number?
True
Is 16226205557 composite?
False
Is 13539077363 prime?
False
Is 5369820707 a composite number?
True
Is 202695257 prime?
False
Is 2721075197 prime?
False
Is 5428949941 composite?
True
Is 636666221 a prime number?
False
Is 7141373791 a prime number?
False
Is 1482149593 a prime number?
True
Is 1189302407 a prime number?
True
Is 270465527 prime?
False
Is 28391390567 prime?
True
Is 348560713 composite?
False
Is 218854418 a composite number?
True
Is 2121693503 composite?
False
Is 5119112767 a composite number?
True
Is 75433575331 prime?
False
Is 17770362329 a composite number?
True
Is 98504968607 a composite number?
False
Is 8377963963 prime?
False
Is 613943171 a prime number?
True
Is 6916443979 composite?
True
Is 4970737949 composite?
False
Is 204635789 prime?
False
Is 43196642789 composite?
True
Is 525219124849 a prime number?
True
Is 470287532393 a composite number?
True
Is 187324171 a composite number?
False
Is 109483844983 composite?
False
Is 8073851263 composite?
False
Is 8700095167 prime?
False
Is 16077775577 a composite number?
True
Is 557642867 prime?
True
Is 109671671229 a composite number?
True
Is 147413911 prime?
True
Is 15959257 a composite number?
False
Is 218839071631 a composite number?
True
Is 41798820139 prime?
True
Is 261330379 a prime number?
True
Is 17538747173 prime?
True
Is 252070999 composite?
False
Is 414847789 a composite number?
True
Is 29192489569 a prime number?
False
Is 62704769443 prime?
True
Is 5311566301 a prime number?
True
Is 38888291905 prime?
False
Is 2050955773 composite?
False
Is 936173089 a composite number?
False
Is 31648623805 a prime number?
False
Is 27804556723 a prime number?
True
Is 21140764873 prime?
False
Is 1955340683 a prime number?
False
Is 50109875041 a composite number?
True
Is 1835311271 a prime number?
True
Is 1891556089 composite?
False
Is 498983081 composite?
True
Is 70492186013 prime?
False
Is 2027932199 prime?
True
Is 2015643389 a prime number?
False
Is 9174237013 composite?
False
Is 2479347661 a prime number?
False
Is 45590977739 composite?
True
Is 2302530001 composite?
False
Is 1270687391 a composite number?
True
Is 19950452383 a composite number?
False
Is 54170506289 composite?
False
Is 5980458457 composite?
True
Is 154122877 composite?
False
Is 1158700129 a prime number?
True
Is 10400969017 a composite number?
False
Is 841856927 prime?
False
Is 885299341 composite?
True
Is 146771777 a prime number?
True
Is 1252183495 prime?
False
Is 5230802341 a prime number?
True
Is 4208722637 prime?
False
Is 197706169 a composite number?
True
Is 265498287563 a composite number?
True
Is 7872939239 a prime number?
False
Is 13543819 composite?
True
Is 1805033333 composite?
True
Is 5763669449 a prime number?
False
Is 1029132557 a prime number?
True
Is 8643678793 prime?
True
Is 656007761 a prime number?
False
Is 38539933559 a prime number?
True
Is 21342272579 prime?
False
Is 1935429131 a prime number?
True
Is 816484753 prime?
False
Is 1272210967 a prime number?
True
Is 557647